ate the greatest common factor of 145 and 1066040.
145
What is the highest common divisor of 13480 and 830?
10
Calculate the greatest common divisor of 2197 and 3523.
13
What is the highest common divisor of 2884 and 58504?
412
What is the greatest common factor of 110 and 3809850?
110
What is the highest common divisor of 1330 and 18962?
38
Calculate the greatest common factor of 1266489 and 189.
189
What is the highest common divisor of 192 and 6942?
6
What is the highest common factor of 1703 and 10231?
13
Calculate the highest common divisor of 104304 and 12792.
984
What is the greatest common divisor of 4348 and 6?
2
Calculate the greatest common factor of 4407 and 6981.
39
What is the greatest common divisor of 200 and 156160?
40
Calculate the greatest common divisor of 662688 and 117.
117
What is the greatest common factor of 2829 and 71415?
69
Calculate the highest common factor of 1590 and 65130.
30
What is the highest common factor of 280 and 11745?
5
Calculate the greatest common factor of 126 and 31311.
63
Calculate the highest common factor of 90814 and 34.
34
Calculate the greatest common factor of 2470 and 1957.
19
What is the highest common divisor of 99 and 14139?
9
Calculate the highest common factor of 253929 and 7293.
663
Calculate the greatest common factor of 1443 and 3513224.
481
Calculate the highest common divisor of 84 and 3383226.
42
Calculate the highest common factor of 52637 and 39.
13
Calculate the greatest common divisor of 97808 and 16.
16
Calculate the greatest common factor of 86172 and 7515.
501
Calculate the greatest common divisor of 1420 and 4580.
20
Calculate the greatest common factor of 3500 and 777.
7
Calculate the highest common divisor of 634 and 40259.
317
Calculate the greatest common divisor of 184 and 160264.
184
What is the highest common divisor of 579 and 6249533?
193
Calculate the highest common divisor of 22737 and 33761.
689
Calculate the highest common divisor of 941 and 7073497.
941
What is the greatest common divisor of 126 and 4774?
14
Calculate the highest common divisor of 1442 and 94554.
206
What is the greatest common divisor of 23445 and 7590?
15
What is the greatest common factor of 593346 and 234?
78
What is the highest common divisor of 610 and 5150?
10
Calculate the highest common factor of 14 and 50302.
14
Calculate the highest common factor of 154 and 129458.
14
What is the highest common divisor of 778402 and 131?
131
What is the greatest common factor of 5 and 430680?
5
Calculate the highest common factor of 6 and 2260074.
6
Calculate the highest common divisor of 51114 and 98.
14
What is the greatest common factor of 260855 and 5911?
257
What is the highest common divisor of 316 and 4348?
4
Calculate the greatest common divisor of 1343 and 89981.
1343
Calculate the highest common factor of 1972 and 17.
17
Calculate the highest common factor of 1406 and 494.
38
What is the highest common factor of 925536 and 93?
93
What is the greatest common divisor of 349145 and 20?
5
Calculate the highest common divisor of 308 and 2072532.
308
Calculate the greatest common factor of 20 and 1208.
4
Calculate the highest common divisor of 4383 and 264441.
1461
Calculate the highest common factor of 612 and 5364.
36
Calculate the greatest common factor of 54313 and 7.
7
What is the greatest common divisor of 1358 and 742?
14
What is the greatest common divisor of 772 and 61181?
193
Calculate the greatest common divisor of 11031 and 6.
3
What is the greatest common factor of 99 and 891?
99
What is the greatest common divisor of 25461 and 46?
23
What is the highest common divisor of 2147 and 2599?
113
Calculate the highest common divisor of 3059 and 204079.
437
Calculate the greatest common divisor of 8132 and 3914.
38
Calculate the highest common divisor of 29561 and 41.
41
Calculate the greatest common divisor of 3575 and 9867.
143
What is the highest common factor of 5795 and 34390?
95
Calculate the highest common divisor of 192866 and 730.
146
What is the highest common divisor of 1060 and 62805?
265
What is the greatest common factor of 180 and 1360900?
20
Calculate the greatest common divisor of 295 and 306151.
59
What is the highest common factor of 1550 and 450?
50
What is the highest common factor of 23595 and 1185?
15
What is the greatest common divisor of 757776 and 16?
16
Calculate the highest common factor of 1164033 and 234.
117
Calculate the highest common factor of 143 and 7567417.
143
What is the highest common factor of 100415 and 48622?
1057
Calculate the greatest common divisor of 264 and 43692.
132
What is the highest common divisor of 69863 and 152?
19
Calculate the highest common divisor of 1758 and 57.
3
Calculate the highest common divisor of 1600 and 61900.
100
What is the greatest common divisor of 9670772 and 76?
76
What is the highest common factor of 180 and 2148?
12
Calculate the highest common divisor of 1920 and 3924.
12
Calculate the greatest common divisor of 113629 and 199.
199
What is the highest common divisor of 783715 and 205?
205
Calculate the highest common divisor of 17180 and 1340.
20
What is the greatest common divisor of 93 and 164176?
31
What is the greatest common divisor of 39 and 204945?
39
Calculate the highest common divisor of 9893 and 13.
13
What is the greatest common factor of 52159 and 86?
43
What is the highest common divisor of 370952 and 979?
89
What is the greatest common factor of 109535 and 3?
1
What is the highest common factor of 10 and 407655?
5
What is the highest common divisor of 2507 and 7199?
23
Calculate the greatest common divisor of 24604 and 12.
4
What is the greatest common divisor of 12544 and 752?
16
Calculate the highest common factor of 71246 and 14.
14
What is the greatest common factor of 1428 and 102459?
357
What is the greatest common divisor of 172 and 27262?
86
What is the highest common divisor of 14128 and 48?
16
Calculate the highest common factor of 1406 and 2249600.
1406
Calculate the highest common divisor of 51 and 240091.
17
What is the highest common factor of 11189 and 1503?
167
Calculate the greatest common divisor of 1386 and 8694.
126
What is the highest common divisor of 349 and 199279?
349
Calculate the highest common divisor of 480 and 1986240.
480
Calculate the greatest common divisor of 507060 and 4050.
810
Calculate the highest common factor of 1696 and 10123.
53
What is the highest common factor of 24156 and 132?
132
What is the greatest common divisor of 3403 and 492?
41
Calculate the greatest common factor of 1046 and 1549649.
523
Calculate the highest common factor of 1595257 and 2967.
989
What is the highest common divisor of 7293 and 44421?
663
Calculate the greatest common factor of 11385 and 36179.
253
Calculate the highest common factor of 3075 and 1200.
75
Calculate the highest common factor of 51568 and 2816.
176
What is the highest common factor of 80 and 343760?
80
Calculate the highest common divisor of 3298 and 116594.
194
Calculate the greatest common divisor of 171 and 4005.
9
Calculate the highest common divisor of 1550958 and 7008.
438
What is the greatest common factor of 21395 and 1760?
55
Calculate the greatest common factor of 31 and 203236.
31
What is the greatest common divisor of 150 and 3073150?
50
Calculate the highest common divisor of 6852 and 33689.
571
Calculate the highest common factor of 3145 and 962.
37
Calculate the greatest common divisor of 17472 and 64.
64
Calculate the greatest common factor of 1534 and 215527.
767
Calculate the greatest common factor of 1176 and 51576.
168
What is the highest common divisor of 25 and 28775?
25
Calculate the highest common factor of 2891424 and 160.
32
What is the greatest common divisor of 7201367 and 29?
29
What is the highest common factor of 2520 and 127960?
280
Calculate the greatest common factor of 116223 and 171.
57
What is the greatest common divisor of 2898 and 58282?
322
Calculate the highest common divisor of 20 and 3460.
20
What is the highest common factor of 352 and 498872?
88
What is the greatest common factor of 6291 and 11394?
27
Calculate the greatest common factor of 16 and 2245616.
16
Calculate the highest common divisor of 5 and 110765.
5
What is the greatest common factor of 757820 and 3